 common factor of 7 and c?
1
Let p = -2110 + 2117. What is the greatest common factor of p and 39?
1
Suppose -63*q - 50739 + 137049 = 0. Calculate the greatest common factor of 35 and q.
5
Suppose 39 = 4*r + 3*i, 4*r - 3*i + 9 = 3*r. Suppose 3*g + 4*a = -r + 14, -5*g + 2*a = -22. What is the greatest common factor of 100 and g?
4
Let c = 187 - 184. Let q be (c + -5 + -1)*26/(-3). Calculate the highest common factor of q and 13.
13
Suppose b - 31 = 1341*g - 1346*g, -95 = -5*b - 5*g. Calculate the highest common factor of 3484 and b.
4
Let a(o) = -o**3 - 138*o**2 - 275*o + 453. Let z be a(-136). What is the greatest common divisor of z and 5?
1
Let j(g) = -4*g**2 + 78*g - 15. Let t be j(24). Let w = 483 + t. What is the highest common divisor of w and 144?
36
Suppose 46*n = 1850 + 39688. Calculate the highest common divisor of n and 189.
21
Let q(c) = -23*c - 322. Let d be q(-33). What is the highest common divisor of d and 92?
23
Let b be (-5)/(-40)*1603 + (-63)/168. What is the greatest common factor of 280 and b?
40
Let n(t) = 16*t + 8. Let v be (-9)/(-1)*(-13 - -16). Let z be n(v). What is the greatest common divisor of z and 40?
40
Let f(x) = -x**3 + x**2 - 2*x. Let y be f(-3). Let b(s) = -s**2 + 91*s + 510. Let j be b(96). What is the highest common divisor of y and j?
6
Let y be 8 + -3 - 1 - (8 - 88). Let h = y + -132. Let p = h + 66. Calculate the greatest common divisor of 9 and p.
9
Let x = -893 - -905. Let s(p) = 48*p - 185. Let q be s(x). What is the greatest common factor of 17 and q?
17
Suppose 3*q + 2*d - 92 = 0, 4*d + 0*d - 94 = -3*q. Suppose -13*z + 100 = -11*z. What is the greatest common factor of q and z?
10
Suppose -16 = 4*o, 2*x + 0*x = 5*o + 40. Suppose 0 = 8*d - x*d. Suppose -i + 111 + 81 = d. What is the highest common divisor of 24 and i?
24
Let b(r) = 7*r. Let f be b(1). Let u be f - ((-1 - 4) + 2). Suppose u - 24 = -7*l. What is the greatest common factor of 4 and l?
2
Let p be 1/(-4)*(-12 - -8). Let q be (2 - (2 - p))*351. Suppose 115*i - 141*i + 1014 = 0. Calculate the greatest common factor of i and q.
39
Suppose 77*w - 2609 = 376 + 34283. What is the greatest common factor of w and 880?
44
Let r(n) = -3*n**2. Suppose 6*i + 3*i + 9 = 0. Let q be r(i). Let l be (-3)/18*-46 - 1/q. Calculate the greatest common factor of 64 and l.
8
Suppose 0 = 6*o - 264 - 312. Let r be 30 + (o/(-8) - -4). Calculate the highest common divisor of r and 165.
11
Let d(p) = -p**2 - 37*p - 118. Suppose -640 = -20*m + 40*m. Let v be d(m). Let z = 16 - 10. What is the greatest common divisor of v and z?
6
Let b(h) = 2*h + 13. Suppose -12 = x + 3*g, 3*g = -2*g + 10. Let i be (-44)/(-8) + -4 - x/(-4). Let r be b(i). Calculate the highest common divisor of r and 21.
7
Let v(u) = 3*u - 17. Let r be v(7). Let i be 12/r + -4 - (-65 - -1). Suppose -i*n = -65*n + 88. What is the highest common factor of n and 4?
4
Suppose -95 = y - 4*d, -4*d - 543 = 5*y - 7*d. Suppose 453 = -4*w + 3*v, -w + 9*v - 109 = 4*v. Let t = y - w. What is the highest common factor of 27 and t?
3
Let s = -21 - -563. Suppose -10*l = -s - 88. Calculate the greatest common divisor of l and 9.
9
Suppose 3*x - 10 = -2*x. Suppose -3*b = x*u - 16, -3*b = -0*u - 4*u + 14. Suppose -2*f + 129 = u*c + f, 0 = f - 3. What is the highest common factor of 6 and c?
6
Let n be ((-2 - -1137) + 0)/(-50 + (-19285)/(-385)). What is the greatest common factor of 220 and n?
55
Suppose 0 = 5410*n - 5407*n - 45. Suppose 4*r - 154 - 6 = 0. Calculate the greatest common divisor of r and n.
5
Suppose -4*u = -c + 35 - 530, 4*u + 5*c - 453 = 0. Calculate the greatest common factor of u and 122.
122
Let h be (-2 + 7 + -6)*-265. Suppose 2*w = -5*j + 303, 5*w - 1295 + 497 = j. Calculate the highest common factor of w and h.
53
Let i(m) = -3*m**2 + 128*m + 65. Let g be i(41). What is the greatest common factor of 3960 and g?
90
Suppose 2*k + 439 = 5*p + 1210, k + 2*p = 354. Calculate the greatest common factor of 328 and k.
8
Let n(v) = -v**2 + 22*v + 60. Suppose -323 = -30*g + 397. Let y be n(g). Calculate the highest common divisor of 192 and y.
12
Suppose 2902 = -104*o + 13198. Calculate the highest common divisor of 11187 and o.
99
Let o = -5377 + 7389. What is the highest common divisor of 8 and o?
4
Let m be 10 + 1 + -2 + (6 - (8 + -5)). What is the highest common factor of 90 and m?
6
Let r be 0/((-4)/2 + 15/15). Suppose 293*a - 298*a + 30 = r. Calculate the greatest common factor of 102 and a.
6
Suppose 2*h + 1 = 7. Let y(o) = -7*o + 469. Let c be y(42). Suppose -h*w + c = 2*w. What is the highest common factor of w and 175?
35
Suppose p = 2*p - 2*g - 46, 5*p + g = 252. Let u be 22/66 + p/3. Calculate the greatest common divisor of u and 17.
17
Let c(h) = -187*h - 1458. Let a be c(-10). Calculate the highest common divisor of 5974 and a.
206
Let v be 6*((-4)/18)/(7/(-21)). Let a(z) = -z**2 + 2*z + 15. Let i be a(v). What is the greatest common divisor of 350 and i?
7
Suppose -15*t + 10 + 215 = 0. What is the greatest common factor of 9645 and t?
15
Let o = 16980 + -16940. Let t be (-3)/(-12) + 719/4. What is the highest common factor of o and t?
20
Suppose -4*f + u + 117 = 0, -36 = -f - 0*f - 2*u. Suppose -525 = 12*n - 19*n. Let x = n - 69. What is the greatest common factor of x and f?
6
Suppose -60*l = -10*l + 104891 - 467591. Calculate the greatest common factor of 62 and l.
62
Let d(o) = 143*o + 1. Let j be d(1). Let w be ((-49)/(-3) - 5) + 8/12. Let f = 60 - w. Calculate the greatest common divisor of f and j.
48
Let u be 3320 + -101 - 2*2/(-4). What is the greatest common divisor of u and 7?
7
Let l = 6287 + -5303. Calculate the greatest common factor of l and 533.
41
Suppose 2*z + 284*v = 289*v + 5310, 2*z + v = 5310. What is the highest common divisor of 2360 and z?
295
Let o = 4798 - 4774. Calculate the greatest common divisor of o and 11688.
24
Suppose -3*g + 6 = -9, 4*z + g - 3697 = 0. What is the highest common divisor of z and 1136?
71
Let o = -114 - -60. Let g be (o/(-4))/(4 + (-26)/8). Suppose 50 = x - 76. What is the highest common factor of g and x?
18
Let t(w) = 3*w + 24. Let h be t(-8). Let o(c) = 2*c**2 + 7. Let f be o(h). Calculate the highest common factor of 2 and f.
1
Let g = -291 - -291. Suppose g = 9*a - 158 - 940. Calculate the greatest common factor of a and 183.
61
Let o(k) = k**2 - k. Let z(t) = -t**2 + 21*t + 6. Let s be z(17). Let v be 8/(-20) + s/10. Let b be o(v). Calculate the greatest common divisor of 105 and b.
21
Let p(g) = -23*g - 402. Let q be p(-18). Calculate the greatest common divisor of 708 and q.
12
Suppose -j - 5*t + 77 = 0, 0 = -4*j - 3*t + 258 - 18. Let b(p) = -916*p - 2463. Let c be b(-3). What is the highest common divisor of j and c?
57
Suppose -10 = 4*q - 2, -4*f + 728 = 2*q. Suppose -4*r = 3*p - f - 62, -2*r + 105 = 5*p. Calculate the greatest common factor of 39 and r.
13
Let u = 9275 + -8127. Calculate the greatest common divisor of 140 and u.
28
Let s = 6677 - 6567. Calculate the highest common factor of 580 and s.
10
Suppose 4*r - 2*x + 8 = r, 5*r = -3*x - 7. Let w = 2600 + -2615. Let f be (-192)/(-9)*w/r. Calculate the highest common factor of 20 and f.
20
Let k(x) = -127*x + 5464. Let t be k(43). What is the highest common divisor of 1137 and t?
3
Let o(n) = 272*n - 366. Let s be o(4). What is the highest common divisor of s and 76?
38
Let c = -678 + 738. Let h(y) = y + 1. Let i be h(1). Suppose -48 = -2*b - i*b. Calculate the greatest common divisor of c and b.
12
Suppose -13 = -2*c + c. Suppose 0 = r + 2*r + 2*n - 257, 12 = 3*n. Let s = r + 8. Calculate the greatest common factor of s and c.
13
Let q be -77*16/112 - -272. Let l = 4 + -6. Let s be l/(1 + (-62)/58). What is the greatest common factor of s and q?
29
Suppose -5*h = 7*y - 6*y + 148, 5*y = -5*h - 720. Let p be (-4)/(-26) - (2981/y - 8). Calculate the highest common divisor of 29 and p.
29
Let v = -82 - -162. Suppose -v = -3*o - o. Let c be (2/(-8) + 117/20)*(330 + -305). What is the greatest common factor of o and c?
20
Let h(v) = v**3 + 94*v**2 - 867*v - 236. Let d be h(-101). Calculate the greatest common factor of 6 and d.
6
Suppose 2647 = 174*s - 319 + 356. Suppose 0*l + 780 = 4*l. What is the highest common factor of l and s?
15
Let u be (-65 - -70)*(-1 - (0 + 0)). Sup